- 22*j**2 + 2*j + 38. What is the remainder when 655 is divided by z(22)?
81
Suppose 6*r - 11*r = -75. Suppose -r = -2*l + 3. What is the remainder when l is divided by 5?
4
Suppose -4*h + 7*b + 34 = 9*b, h - 3*b - 5 = 0. Suppose 2*l - 3*l + 19 = 0. What is the remainder when l is divided by h?
3
Let o(j) = -2 - 5 - 2 + 18*j - j**2. Let h be o(13). Let a = -37 + h. Calculate the remainder when a is divided by 11.
8
Calculate the remainder when 159*(168/(-18) + 11) is divided by 82.
19
Suppose 5*l + 25 = 0, -3*t + 0*t - 5*l = 16. Suppose 40 = t*r + r. Calculate the remainder when 17 is divided by r.
7
Suppose -8 - 2 = -2*l. Let m(i) = -i**3 + 7*i**2 - 4. Let a = 31 + -15. Calculate the remainder when m(l) is divided by a.
14
Let p(m) = m**2 + 10*m + 22. What is the remainder when 177 is divided by p(-8)?
3
Let y = 115 - 75. Suppose 4*s - 4*b = 45 - 5, 0 = 3*s - b - y. Calculate the remainder when 55 is divided by s.
10
Let s(h) = -146*h - 150. What is the remainder when s(-2) is divided by 23?
4
Suppose -4*m + 7 = -1. Suppose -5*s - b = -4, -m + 7 = 4*s - b. Let w(x) = 15*x**3 - x**2. What is the remainder when 41 is divided by w(s)?
13
Calculate the remainder when 9 is divided by 40/25*(-20)/(-8).
1
Let b(f) = -2*f**3 + 7*f**2 - 3*f + 6. Let j be b(5). Let q = -41 - j. Suppose 0*x = 2*m + x - q, 5*x + 5 = m. What is the remainder when 77 is divided by m?
17
Suppose -4*f = -294 + 74. Suppose 18*o - 3*a = 17*o + 176, -5*o - 2*a + 795 = 0. What is the remainder when o is divided by f?
51
Let v(x) = 2*x**2 + 13*x + 7. Let u be v(-9). Suppose -18 + u = 2*q. What is the remainder when 32 is divided by q?
15
Calculate the remainder when 31 is divided by (5 - 3)/((-14)/(-119)).
14
Let g(i) = -i**3 - 6*i**2 + 5*i + 9. Suppose 2 + 22 = 3*f. What is the remainder when g(-7) is divided by f?
7
Suppose 4*a + 4*b = 224, -a + 5*b + 44 = -0*b. Suppose -21*z + 2*z = -266. Calculate the remainder when a is divided by z.
12
Suppose 12*o - 136 = 4*o. What is the remainder when 84 is divided by o?
16
Suppose n = -3*c + 50, 3*c + 3*n - 30 = 2*c. Calculate the remainder when c is divided by 9.
6
Let r(k) = k**2 - 11*k - 26. Calculate the remainder when 1/3 - (-952)/6 is divided by r(16).
51
What is the remainder when 214 is divided by ((-129)/21 + 1)/((-1)/7)?
34
Suppose 4*c = -j - 1, -3*j + 9*c - 6*c + 12 = 0. Suppose 3*o - 1 = -i + 6*o, -2*o - 24 = -j*i. Calculate the remainder when (105/(-6))/((-4)/8) is divided by i.
5
Suppose -97*s + 85*s = -1980. Calculate the remainder when s is divided by 84.
81
Suppose -4*z = -z - 21. Let r = 146 - 226. Let f = r - -112. Calculate the remainder when f is divided by z.
4
Suppose 3*i = -9*b + 5*b + 516, -520 = -4*b - 4*i. What is the remainder when 878 is divided by b?
122
Calculate the remainder when (-3416)/(-30) - 20/(-150) is divided by 29.
27
Calculate the remainder when 461 is divided by 42/30*(1 - 11)*-1.
13
Suppose -2*p + 15 = -3*x, 0*p - 2*p = -x - 9. Let z(g) = 3*g + 3. Let s be z(p). Calculate the remainder when (1 + -4)/(s/(-112)) is divided by 15.
13
Suppose u = -22 + 41. What is the remainder when 227 is divided by u?
18
Let i = -410 - -459. Let x = -48 - -87. Suppose 4*w = w + x. Calculate the remainder when i is divided by w.
10
Let x(z) = z**3 - 14*z**2 + 26*z - 11. What is the remainder when x(12) is divided by 20/3 - (-2)/6?
6
Let s(k) = k**3 - 3*k**2 + 10*k - 22. Calculate the remainder when 59 is divided by s(3).
3
Let p(z) = 23*z**3 + 2*z - 1. Let n be p(1). Let b = 122 - n. Suppose 2*m = 4*j - 106, 0 = 5*j - 3*m - 95 - 39. Calculate the remainder when b is divided by j.
23
Let i = 337 + -301. Calculate the remainder when 69 is divided by i.
33
Let z(w) = -31*w - 5. Suppose 0 = -4*x + 13 - 17. What is the remainder when z(x) is divided by 15?
11
Suppose -2 = -s + 4. Suppose 22*a - 176 = s*a. Calculate the remainder when 40 is divided by a.
7
Let s = -2792 - -2851. What is the remainder when 533 is divided by s?
2
Suppose -10*c + 90 = -7*c + 3*d, 5*d = -5. Calculate the remainder when 55 is divided by c.
24
Let d(p) = 2*p**2 - 8*p + 2. What is the remainder when d(-6) is divided by 32?
26
Let l = 214 + -117. Let x = -47 + l. Suppose -u = -0*u - x. What is the remainder when u is divided by 13?
11
What is the remainder when (46 + -45)/((-1)/(-634)) is divided by 53?
51
Calculate the remainder when (-4)/22 + -4558*12/(-264) is divided by 95.
17
Suppose -157 = -4*v + r, -5*v + 93 = r - 101. What is the remainder when 115 is divided by v?
37
Suppose 3*y + 190*g - 68 = 191*g, 5*y - 5*g - 130 = 0. What is the remainder when 125 - (2 + 1*-2) is divided by y?
20
Suppose 29*y = -62 + 1512. What is the remainder when 286 is divided by y?
36
Let a = 323 - 280. What is the remainder when 161 is divided by a?
32
Suppose 0 = -4*l - 0*l + 2*n + 10, 0 = 2*l - 3*n - 15. Let v be 2 + (-11)/(-3) + (-18)/27. Suppose l*z + z = v. What is the remainder when 13 is divided by z?
3
Let n(c) = -2*c - 24. Let y be n(-9). Let j = 18 + y. What is the remainder when 69 is divided by j?
9
Let z(l) = 9*l**2 - 3*l - 21. Let n be z(-4). Suppose 6*b - 5*b - n = 0. What is the remainder when b is divided by 46?
43
Suppose -y = 4*r - 27, -r - 29 = -12*y + 9*y. Suppose 27 = 3*k - 201. Calculate the remainder when k is divided by y.
10
Let d(t) = -3*t - 17. Let i = -48 + 39. What is the remainder when 59 is divided by d(i)?
9
Suppose 0 = -5*w - 5*z + 60, 4*w = 2*z + 3 + 21. Suppose w = -f + 95. What is the remainder when f is divided by 13?
9
Suppose -l - 92 = -d, 3*d - 4*l - 131 = 149. What is the remainder when 257 is divided by d?
81
Suppose 0 = 3*x + 5*g - 47 + 148, 5*g + 185 = -5*x. Suppose 5*m + 86 = -49. Let w = m - x. What is the remainder when w is divided by 8?
7
Let g = -184 - -196. Suppose -2*p - 1480 = 4*k, 1460 = -2*p - 0*k + k. What is the remainder when p/(-16) - (-2)/8 is divided by g?
10
Suppose 0 = 2*m - 3*m + 12. Let j = m - 0. Let p(u) = u**2 - 2*u - 1. What is the remainder when j is divided by p(4)?
5
Let h = 7 + -5. Suppose 2*w = -h*w + 92. What is the remainder when ((-68)/(-10))/(2 - (-76)/(-40)) is divided by w?
22
Let a(m) = -m**2 - 20*m - 16. Let h be a(-16). Suppose 0 = 6*u - h - 72. What is the remainder when u is divided by 7?
6
Suppose -j + 1 + 2 = 0, 0 = -k - 4*j + 23. What is the remainder when 124 is divided by k?
3
Let q(h) = h**3 + 4*h**2 - 39*h - 1. What is the remainder when 80 is divided by q(5)?
22
Suppose -174 = -2*i - g, 74 + 27 = i + 4*g. Calculate the remainder when i is divided by 18.
13
Suppose y + 1757 = m, -140*y - 8761 = -5*m - 141*y. Calculate the remainder when m is divided by 39.
37
Suppose 6*f = -2*f + 288. Suppose -2*u - 4*v + 30 = 0, u + f = 2*u - 5*v. Suppose 0*m + m = 6. Calculate the remainder when u is divided by m.
3
Let i(t) = 25*t**3 - 11*t**2 + t + 9. Let c(q) = q**3 + 5*q**2 + 3*q. What is the remainder when i(1) is divided by c(-3)?
6
Let g = 50 - 22. Let y = -14 + g. Calculate the remainder when 39 is divided by y.
11
Let w = 11 + 90. Calculate the remainder when w is divided by ((-34)/10)/((-426)/30 - -14).
16
Let i(u) = -u**2 - 7*u - 1. Let g(q) = q**3 + 15*q**2 - 2*q - 11. Let k be 118/(-8) + (-3)/12. What is the remainder when g(k) is divided by i(-6)?
4
Suppose -12*a + 16*a = 0. Suppose a = -2*p + 35 - 3. What is the remainder when 31 is divided by p?
15
Let c be 2*1/(-10) - (-154)/(-5). What is the remainder when 44 is divided by (-2)/(-4)*(-1 - c)?
14
Suppose 604*h - 63 = 597*h. Calculate the remainder when 584 is divided by h.
8
Let l = 639 - 602. What is the remainder when 107 is divided by l?
33
Let g = 30 + -22. Suppose -j = -g*j + 49. Calculate the remainder when j is divided by 5.
2
Suppose -5*l - 20 = -5*c, 2*c - 7 = -5*l + 8. Suppose 0 = -c*j + 233 - 23. Calculate the remainder when 83 is divided by j.
41
Suppose -2*o = -2*d + 900, 0*d - 4*o = -2*d + 904. Calculate the remainder when d is divided by 25.
23
Suppose -n - n - 82 = 0. Let c = 71 + n. What is the remainder when c is divided by 17?
13
Suppose -330 + 42 = -8*s. Calculate the remainder when s is divided by 15.
6
Let i(f) = f**3 + 4*f**2 - f - 2. Let l be i(-3). Suppose -11*h + l*h = -42. What is the remainder when 167 is divided by h?
41
Let y = 12 + -10. Suppose 0 = -y*v + 5 + 7. What is the remai